{"id":328,"date":"2020-05-17T21:50:25","date_gmt":"2020-05-17T21:50:25","guid":{"rendered":"https:\/\/www.pestourlcoaching.fr\/?page_id=328"},"modified":"2021-01-19T08:59:04","modified_gmt":"2021-01-19T08:59:04","slug":"temoignages","status":"publish","type":"page","link":"https:\/\/www.pestourlcoaching.fr\/?page_id=328","title":{"rendered":"T\u00e9moignages"},"content":{"rendered":"\n<p class=\"has-drop-cap has-medium-font-size\"><a rel=\"noreferrer noopener\" href=\"https:\/\/www.pestourlcoaching.fr\/wp-content\/uploads\/2020\/05\/Video-1.m4v\" target=\"_blank\"><img decoding=\"async\" loading=\"lazy\" width=\"960\" height=\"540\" class=\"wp-image-518\" style=\"width: 150px;\" src=\"https:\/\/www.pestourlcoaching.fr\/wp-content\/uploads\/2020\/05\/Video-1-m4v-image.jpg\" alt=\"\" srcset=\"https:\/\/www.pestourlcoaching.fr\/wp-content\/uploads\/2020\/05\/Video-1-m4v-image.jpg 960w, https:\/\/www.pestourlcoaching.fr\/wp-content\/uploads\/2020\/05\/Video-1-m4v-image-300x169.jpg 300w, https:\/\/www.pestourlcoaching.fr\/wp-content\/uploads\/2020\/05\/Video-1-m4v-image-768x432.jpg 768w\" sizes=\"(max-width: 960px) 100vw, 960px\" \/><\/a>   <a rel=\"noreferrer noopener\" href=\"https:\/\/www.pestourlcoaching.fr\/wp-content\/uploads\/2020\/05\/Video-1.m4v\" target=\"_blank\"><span class=\"has-inline-color has-vivid-purple-color\"><strong>T\u00e9moignage en vid\u00e9o de Marion<\/strong><\/span><\/a><\/p>\n\n\n\n<ul><li><strong>\u00ab\u00a0Coach moi m\u00eame, je fais souvent appel&nbsp; \u00e0&nbsp; Liliane , pour d\u00e9couvrir et explorer des ressources auxquelles je n&rsquo;aurais pas spontan\u00e9ment pens\u00e9.<\/strong><br><strong>Son \u00c9coute, sa bienveillance, mais surtout son exceptionnelle capacit\u00e9 \u00e0&nbsp; entendre derri\u00e8re les mots et les attitudes, me permettent \u00e0&nbsp; chaque fois ,<\/strong><br><strong>d&rsquo;ouvrir le champ des possibles et de me reconnecter \u00e0&nbsp; mes&nbsp; v\u00e9ritables besoins et \u00e0&nbsp; mon \u00catre Int\u00e9rieur.<\/strong><br><strong>Enti\u00e8rement pr\u00e9sente lors de ses s\u00e9ances, elle compose, dans un cadre&nbsp; structur\u00e9 et bienveillant,&nbsp; avec ses comp\u00e9tences, son ouverture d&rsquo;esprit et sa sensibilit\u00e9.<\/strong> <br><strong>Ce qui fait d&rsquo;elle un coach efficace, quelle&nbsp; que soit la&nbsp; probl\u00e9matique abord\u00e9e.\u00a0\u00bb<\/strong><br><strong>T\u00e9moignage de Catherine<\/strong><\/li><\/ul>\n\n\n\n<p><strong><span style=\"color:#d80a3e\" class=\"has-inline-color\">J&rsquo;ai&nbsp;eu la chance de rencontrer Liliane en tant que mentor dans le cadre de ma formation de coaching professionnel. <\/span><\/strong><br><strong><span style=\"color:#d80a3e\" class=\"has-inline-color\">D\u00e8s le premier instant, un climat de confiance et de respect mutuel s&rsquo;est install\u00e9 entre nous. <\/span><\/strong><br><strong><span style=\"color:#d80a3e\" class=\"has-inline-color\">Avec sa grande capacit\u00e9 d&rsquo;\u00e9coute, sa pr\u00e9sence, sa bienveillance, son sourire encourageant et son questionnement puissant, elle m&rsquo;a permise de me connecter \u00e0 mes ressources et mon potentiel unique.&nbsp;<\/span><\/strong><br><strong><span style=\"color:#d80a3e\" class=\"has-inline-color\">Le mentorat avec Liliane&nbsp;m&rsquo;a&nbsp;permis de reprendre confiance en mes capacit\u00e9s et de croire en moi pour avancer.<\/span><\/strong><br><strong><span style=\"color:#d80a3e\" class=\"has-inline-color\">J&rsquo;appr\u00e9cie tout particuli\u00e8rement son humanisme profond et son ouverture d&rsquo;esprit. <\/span><\/strong><br><strong><span style=\"color:#d80a3e\" class=\"has-inline-color\">Effectivement, avec Liliane tout est toujours possible! OPAI &#8211; Osons la Puissance de l&rsquo;Amour Inconditionnel \ud83d\ude42&nbsp;<\/span><\/strong><br><strong><span style=\"color:#d80a3e\" class=\"has-inline-color\">Merci Liliane &#8211; j&rsquo;\u00e9prouve une immense gratitude&nbsp;d&rsquo;avoir pu \u00e9voluer \u00e0 tes c\u00f4t\u00e9s et j&rsquo;ai h\u00e2te de continuer l&rsquo;exploration de mon Essence avec toi.&nbsp;<br>T\u00e9moignage d&rsquo;Ela<\/span><\/strong>.<\/p>\n\n\n\n<div class=\"is-layout-flow wp-block-group alignfull\"><div class=\"wp-block-group__inner-container\">\n<div class=\"is-layout-flow wp-block-group alignfull\"><div class=\"wp-block-group__inner-container\">\n<ul><li><strong><span class=\"has-inline-color has-vivid-purple-color\">Un grand merci \u00e0 toi Liliane pour ce coaching \u00e0 la fois efficace et tout en douceur et en \u00e9coute. <\/span><\/strong><\/li><li><strong><span class=\"has-inline-color has-vivid-purple-color\">Tu as bien compris ma situation et mon \u00e9tat \u00e9motionnel aussi les outils et la d\u00e9marche propos\u00e9e m&rsquo;ont rapidement permis d&rsquo;y voir plus clair et d&rsquo;avancer !<\/span><\/strong><br><strong><span class=\"has-inline-color has-vivid-purple-color\"> Je me suis sentie accueillie, comprise et soutenue. Barbara<\/span><\/strong><\/li><\/ul>\n<\/div><\/div>\n<\/div><\/div>\n\n\n\n<div class=\"is-layout-flow wp-block-group\"><div class=\"wp-block-group__inner-container\"><\/div><\/div>\n\n\n\n<p><span class=\"has-inline-color has-vivid-red-color\"><strong>Liliane a \u00e9t\u00e9 l\u2019assesseur de ma biblioth\u00e8que sur un module&nbsp; de ma formation de coaching. <\/strong><br><strong>Elle est arriv\u00e9e sur notre chemin de vie tel un cerisier japonais qui fait \u00e9clore ses fleurs hors saison. <\/strong><br><strong>A ses c\u00f4t\u00e9s, j\u2019ai os\u00e9 marcher pieds nus dans l\u2019herbe pour me reconnecter \u00e0 mon \u00e9nergie, j\u2019ai os\u00e9 exprimer ma couleur de coach en dessinant ce que nous vivions toutes ensemble lors de ce module. <\/strong><\/span><br><span class=\"has-inline-color has-vivid-red-color\"><strong>Son regard profond et bienveillant&nbsp; qui devine et qui comprend, sa force de pr\u00e9sence et son assertivit\u00e9, <\/strong><br><strong>sa belle intuition sont les talents naturels de Liliane qui m\u2019ont pouss\u00e9 \u00e0 la choisir comme Mentor. <\/strong><br><strong>Cet accompagnement m\u2019a aid\u00e9 \u00e0 trouver mon enracinement et \u00e0 ouvrir mes ailes de coach vers la certification. <\/strong><br><strong>Gratitude et lien sont les mots qui me viennent. Liliane, j\u2019ai h\u00e2te de planter mon cerisier pour qu\u2019il s\u2019enracine dans mon nouveau jardin \ud83d\ude09<\/strong><br><strong>T\u00e9moignage de Virginie<\/strong><\/span><\/p>\n\n\n\n<ul><li><strong>Lorsque j\u2019ai demand\u00e9 de l\u2019aide \u00e0 l\u2019AFGES*, je m\u2019attendais \u00e0 trouver un suivi g\u00e9n\u00e9ral (scolaire principalement, peut-\u00eatre moral). <br>Mais en r\u00e9alit\u00e9, j\u2019ai trouv\u00e9 un r\u00e9el soutien aupr\u00e8s de Liliane. Parler avec elle m\u2019a fait prendre conscience de beaucoup de choses. <\/strong><br><strong>J\u2019ai appris \u00e0 relativiser, \u00e0 accepter ce qui ne peut \u00eatre chang\u00e9. <br>Gr\u00e2ce \u00e0 elle, j\u2019essaie de plus m\u2019\u00e9couter, de prendre pleinement confiance en moi et en mes capacit\u00e9s. <\/strong><br><strong>Ses conseils m\u2019ont \u00e9t\u00e9 d\u2019une grande aide, je les applique d\u00e9sormais quotidiennement. Je suis tr\u00e8s \u00e9mue en me disant qu\u2019en si peu de s\u00e9ances (4) elle a pu me rassurer et me faire me sentir pleinement \u00e9couter. <br>Liliane ne m\u2019a pas fait me sentir comme une enfant, elle a \u00e9t\u00e9 sinc\u00e8re et cela m\u2019a permis de me confier sans h\u00e9sitation. Elle m\u2019a aid\u00e9 \u00e0 \u00e9voluer. Je compte bien prendre de ses nouvelles et lui donner des miennes r\u00e9guli\u00e8rement. <br>Si je devais d\u00e9finir en une phrase ce que j\u2019ai le plus retenu de sa sagesse suite \u00e0 nos s\u00e9ances, ce serait\u00a0: \u00ab\u00a0prendre le temps de souffler pour mieux repartir\u00a0\u00bb. <br>Merci beaucoup. Elodie &#8211; Etudiante en 1\u00e8re ann\u00e9e de m\u00e9decine<br>* AFGES = Association F\u00e9d\u00e9rative G\u00e9n\u00e9rale des Etudiants de Strasbourg<\/strong><\/li><\/ul>\n","protected":false},"excerpt":{"rendered":"<p>T\u00e9moignage en vid\u00e9o de Marion \u00ab\u00a0Coach moi m\u00eame, je fais souvent appel&nbsp; \u00e0&nbsp; Liliane , pour d\u00e9couvrir et explorer des&hellip;<\/p>\n","protected":false},"author":1,"featured_media":512,"parent":0,"menu_order":7,"comment_status":"closed","ping_status":"closed","template":"","meta":[],"_links":{"self":[{"href":"https:\/\/www.pestourlcoaching.fr\/index.php?rest_route=\/wp\/v2\/pages\/328"}],"collection":[{"href":"https:\/\/www.pestourlcoaching.fr\/index.php?rest_route=\/wp\/v2\/pages"}],"about":[{"href":"https:\/\/www.pestourlcoaching.fr\/index.php?rest_route=\/wp\/v2\/types\/page"}],"author":[{"embeddable":true,"href":"https:\/\/www.pestourlcoaching.fr\/index.php?rest_route=\/wp\/v2\/users\/1"}],"replies":[{"embeddable":true,"href":"https:\/\/www.pestourlcoaching.fr\/index.php?rest_route=%2Fwp%2Fv2%2Fcomments&post=328"}],"version-history":[{"count":59,"href":"https:\/\/www.pestourlcoaching.fr\/index.php?rest_route=\/wp\/v2\/pages\/328\/revisions"}],"predecessor-version":[{"id":805,"href":"https:\/\/www.pestourlcoaching.fr\/index.php?rest_route=\/wp\/v2\/pages\/328\/revisions\/805"}],"wp:featuredmedia":[{"embeddable":true,"href":"https:\/\/www.pestourlcoaching.fr\/index.php?rest_route=\/wp\/v2\/media\/512"}],"wp:attachment":[{"href":"https:\/\/www.pestourlcoaching.fr\/index.php?rest_route=%2Fwp%2Fv2%2Fmedia&parent=328"}],"curies":[{"name":"wp","href":"https:\/\/api.w.org\/{rel}","templated":true}]}}