{"id":326,"date":"2020-05-17T21:50:25","date_gmt":"2020-05-17T21:50:25","guid":{"rendered":"https:\/\/www.pestourlcoaching.fr\/?page_id=326"},"modified":"2022-02-15T10:39:22","modified_gmt":"2022-02-15T10:39:22","slug":"a-propos-de-moi","status":"publish","type":"page","link":"https:\/\/www.pestourlcoaching.fr\/?page_id=326","title":{"rendered":"Liliane"},"content":{"rendered":"\n<p><\/p>\n\n\n\n<p><\/p>\n\n\n\n<p><\/p>\n\n\n\n<p><strong><span class=\"has-inline-color has-vivid-purple-color\">Accompagner des personnes en individuel et en collectif fait sens pour moi.<br>Je crois que chaque \u00eatre humain poss\u00e8de des ressources et un potentiel unique \u00e0 r\u00e9v\u00e9ler.<br>Accompagner l&rsquo;\u00e9mergence du talent individuel pour que la personne occupe sa place dans le monde me procure de la Joie. <\/span><\/strong><\/p>\n\n\n\n<p><strong>Ing\u00e9nieur agronome de formation j&rsquo;ai travaill\u00e9 pendant 30 ans en industries agroalimentaire chez Brossard et Heineken.<\/strong><br><strong>En 2017 je deviens Coach professionnelle form\u00e9e par Coaching Ways et en 2019 Formatrice Coach.<\/strong><\/p>\n\n\n\n<p><strong><span style=\"color:#f6567e\" class=\"has-inline-color\">Pianiste, je pratique aussi la m\u00e9ditation et le yoga. Je suis parent d&rsquo;un adolescent de 18 ans.<br>J&rsquo;aime cr\u00e9er et inventer. Je suis positive et tourn\u00e9e vers l&rsquo;action.<br>Ce que les personnes remarquent en priorit\u00e9 c&rsquo;est mon sourire et mon \u00e9nergie communicative.<\/span><\/strong><span class=\"has-inline-color has-vivid-red-color\"><br><\/span><br><strong>En parall\u00e8le de ma vie professionnelle je me suis toujours form\u00e9e en d\u00e9veloppement personnel :<\/strong><\/p>\n\n\n\n<p><strong>Insight training seminars sur le Leadership et l&rsquo;Excellence .<br>Aux Enn\u00e9agrammes : programme SAT de Claudio Narajo.                                                                                   <br>Dale Carnegie sur la prise de parole en public.<br>A la PNL (Programmation Neuro Linguistique) \u00e0 la Cegos.<br>A la CNV Communication Non Violente par Axelle Schermann.<br>Ateliers de Jacques Salom\u00e9 sur la symbolique des mots &#8211; maux et sur les r\u00e8gles de communication.<br>Ateliers de Lise Bourbeau sur l&rsquo;\u00e9coute des messages du corps.<\/strong><br><strong>Formateur Coach chez Coaching Ways<\/strong><br><strong>Coaching et Th\u00e9rapie chez Coaching Ways<\/strong><br><strong>Coaching scolaire  chez Coaching Ways<\/strong><br><strong>Hypnose Ericksonienne &#8211; Psynapse<\/strong><br><strong>A l&rsquo;IKIGAI<br>En physique quantique par Robyn Avalon.<br>Au Reiki par Carine Kittler<br>Au Tarot de Marseille depuis plus de 20 ans pour d\u00e9velopper mon intuition par Nicole Docin Julien, conteuse, hypnoth\u00e9rapeute et d\u00e9sormais amie.<\/strong><\/p>\n\n\n\n<p><\/p>\n\n\n\n<p><br><\/p>\n\n\n\n<p><\/p>\n","protected":false},"excerpt":{"rendered":"<p>Accompagner des personnes en individuel et en collectif fait sens pour moi.Je crois que chaque \u00eatre humain poss\u00e8de des ressources&hellip;<\/p>\n","protected":false},"author":1,"featured_media":506,"parent":0,"menu_order":4,"comment_status":"closed","ping_status":"closed","template":"","meta":[],"_links":{"self":[{"href":"https:\/\/www.pestourlcoaching.fr\/index.php?rest_route=\/wp\/v2\/pages\/326"}],"collection":[{"href":"https:\/\/www.pestourlcoaching.fr\/index.php?rest_route=\/wp\/v2\/pages"}],"about":[{"href":"https:\/\/www.pestourlcoaching.fr\/index.php?rest_route=\/wp\/v2\/types\/page"}],"author":[{"embeddable":true,"href":"https:\/\/www.pestourlcoaching.fr\/index.php?rest_route=\/wp\/v2\/users\/1"}],"replies":[{"embeddable":true,"href":"https:\/\/www.pestourlcoaching.fr\/index.php?rest_route=%2Fwp%2Fv2%2Fcomments&post=326"}],"version-history":[{"count":35,"href":"https:\/\/www.pestourlcoaching.fr\/index.php?rest_route=\/wp\/v2\/pages\/326\/revisions"}],"predecessor-version":[{"id":821,"href":"https:\/\/www.pestourlcoaching.fr\/index.php?rest_route=\/wp\/v2\/pages\/326\/revisions\/821"}],"wp:featuredmedia":[{"embeddable":true,"href":"https:\/\/www.pestourlcoaching.fr\/index.php?rest_route=\/wp\/v2\/media\/506"}],"wp:attachment":[{"href":"https:\/\/www.pestourlcoaching.fr\/index.php?rest_route=%2Fwp%2Fv2%2Fmedia&parent=326"}],"curies":[{"name":"wp","href":"https:\/\/api.w.org\/{rel}","templated":true}]}}